s 123 (base 4) in base 3?
1000
What is 5 (base 7) in base 4?
11
Convert -28 (base 10) to base 11.
-26
What is -36 (base 9) in base 2?
-100001
Convert -12 (base 3) to base 15.
-5
15 (base 12) to base 15
12
-1 (base 13) to base 16
-1
What is 5 (base 6) in base 3?
12
What is 1 (base 6) in base 3?
1
-9 (base 11) to base 5
-14
Convert -12 (base 6) to base 11.
-8
What is -1 (base 13) in base 5?
-1
What is 0 (base 12) in base 16?
0
What is 343 (base 7) in base 5?
1203
What is -2 (base 13) in base 5?
-2
Convert -424 (base 7) to base 4.
-3112
What is 522 (base 8) in base 9?
415
Convert -1000111 (base 2) to base 14.
-51
Convert -12 (base 9) to base 16.
-b
2c (base 15) to base 3
1120
Convert -10222 (base 4) to base 13.
-19c
22 (base 12) to base 7
35
6 (base 8) to base 7
6
5 (base 12) to base 16
5
What is -122 (base 4) in base 12?
-22
What is -1122 (base 4) in base 16?
-5a
What is 3 (base 12) in base 9?
3
Convert -241 (base 5) to base 8.
-107
-7 (base 15) to base 4
-13
What is 4 (base 12) in base 8?
4
112 (base 4) to base 3
211
-21 (base 6) to base 15
-d
106 (base 12) to base 11
127
-50 (base 6) to base 4
-132
Convert -4 (base 15) to base 11.
-4
Convert -1304 (base 5) to base 14.
-108
Convert 1a (base 13) to base 14.
19
Convert -41 (base 13) to base 16.
-35
Convert -210 (base 3) to base 6.
-33
Convert -12 (base 3) to base 12.
-5
What is 40 (base 5) in base 6?
32
-1a (base 13) to base 10
-23
110011 (base 2) to base 5
201
-2 (base 16) to base 5
-2
Convert 3 (base 6) to base 2.
11
-11 (base 9) to base 8
-12
Convert -3 (base 13) to base 7.
-3
Convert 3 (base 13) to base 15.
3
What is 18 (base 12) in base 6?
32
What is 106 (base 14) in base 11?
174
1 (base 6) to base 4
1
0 (base 12) to base 10
0
Convert 4 (base 7) to base 4.
10
15 (base 9) to base 2
1110
-12 (base 5) to base 14
-7
Convert -116 (base 7) to base 2.
-111110
Convert 2 (base 11) to base 10.
2
-8 (base 16) to base 14
-8
What is 2 (base 14) in base 10?
2
What is -9 (base 12) in base 8?
-11
Convert -2 (base 13) to base 7.
-2
Convert 10 (base 13) to base 9.
14
b2 (base 14) to base 13
c0
-125 (base 7) to base 13
-53
Convert 11111 (base 3) to base 9.
144
What is -62 (base 13) in base 9?
-88
Convert -11 (base 2) to base 9.
-3
Convert 3 (base 13) to base 16.
3
Convert 11101100 (base 2) to base 8.
354
2 (base 4) to base 16
2
What is -a2 (base 13) in base 3?
-11220
Convert -10100 (base 3) to base 2.
-1011010
Convert 122 (base 13) to base 12.
145
What is 31 (base 15) in base 9?
51
1a8 (base 15) to base 13
236
Convert -3 (base 14) to base 16.
-3
What is -5 (base 10) in base 4?
-11
127 (base 10) to base 14
91
Convert -1121 (base 3) to base 13.
-34
What is -1 (base 12) in base 16?
-1
-be (base 16) to base 8
-276
Convert -1211 (base 3) to base 10.
-49
What is 101 (base 6) in base 12?
31
What is -2c (base 14) in base 10?
-40
Convert -1 (base 9) to base 13.
-1
What is -4 (base 8) in base 16?
-4
Convert 14 (base 6) to base 10.
10
Convert 0 (base 4) to base 13.
0
What is 20 (base 13) in base 14?
1c
Convert -9 (base 12) to base 3.
-100
-2 (base 5) to base 15
-2
What is 23 (base 8) in base 2?
10011
What is 0 (base 10) in base 11?
0
-110 (base 10) to base 2
-1101110
What is -201 (base 11) in base 10?
-243
-171 (base 9) to base 11
-122
What is 2 (base 5) in base 2?
10
5 (base 14) to base 2
101
-3 (base 16) to base 12
-3
What is -18 (base 13) in base 9?
-23
Convert 29 (base 11) to base 8.
37
Convert 71 (base 16) to base 15.
78
What is 9 (base 11) in base 9?
10
What is 40 (base 13) in base 9?
57
41 (base 16) to base 7
122
Convert 103 (base 4) to base 16.
13
30 (base 15) to base 14
33
Convert -5 (base 9) to base 16.
-5
-303 (base 7) to base 11
-127
What is 16 (base 16) in base 2?
10110
Convert -8 (base 15) to base 14.
-8
What is 103 (base 5) in base 12?
24
Convert 16 (base 12) to base 11.
17
Convert -2 (base 12) to base 5.
-2
What is 2 (base 15) in base 9?
2
10 (base 3) to base 4
3
-9 (base 15) to base 11
-9
What is -d (base 14) in base 5?
-23
Convert -2 (base 5) to base 11.
-2
Convert -3c (base 16) to base 14.
-44
Convert -2 (base 3) to base 12.
-2
-1330 (base 4) to base 14
-8c
Convert -3 (base 7) to base 13.
-3
Convert 16 (base 14) to base 13.
17
41 (base 9) to base 15
27
Convert -1002 (base 3) to base 5.
-104
What is 10 (base 16) in base 3?
121
1211 (base 6) to base 15
14a
-29 (base 12) to base 15
-23
Convert 7 (base 12) to base 7.
10
-11 (base 3) to base 10
-4
What is 2 (base 16) in base 7?
2
Convert 1 (base 8) to base 7.
1
Convert -1 (base 5) to base 4.
-1
Convert 27 (base 13) to base 7.
45
-9 (base 14) to base 7
-12
8 (base 14) to base 8
10
Convert -23 (base 5) to base 6.
-21
What is -111 (base 6) in base 7?
-61
Convert d1 (base 15) to base 11.
169
0 (base 3) to base 6
0
Convert -5 (base 16) to base 2.
-101
-9 (base 15) to base 7
-12
What is -1 (base 12) in base 8?
-1
What is -6f (base 16) in base 15?
-76
Convert 101 (base 4) to base 3.
122
-2 (base 3) to base 8
-2
-12 (base 9) to base 2
-1011
Convert -1 (base 2) to base 16.
-1
-a (base 11) to base 3
-101
Convert 69 (base 12) to base 5.
311
2a (base 11) to base 9
35
Convert -321 (base 9) to base 3.
-100201
-6 (base 9) to base 11
-6
What is -2 (base 3) in base 9?
-2
What is -5 (base 7) in base 11?
-5
What is 1b (base 13) in base 8?
30
144 (base 9) to base 4
1321
176 (base 8) to base 15
86
-5 (base 15) to base 16
-5
Convert -1020 (base 5) to base 13.
-a5
-45 (base 9) to base 4
-221
Convert -12 (base 7) to base 8.
-11
Convert -37 (base 8) to base 6.
-51
Convert -13 (base 12) to base 5.
-30
Convert 101 (base 3) to base 4.
22
-83 (base 15) to base 9
-146
Convert -4e (base 16) to base 6.
-210
What is 3 (base 10) in base 13?
3
Convert -1 (base 16) to base 8.
-1
Convert 10 (base 4) to base 10.
4
-2e (base 15) to base 6
-112
Convert -203 (base 4) to base 3.
-1022
What is 70 (base 10) in base 2?
1000110
Convert -76 (base 12) to base 16.
-5a
Convert -12 (base 5) to base 12.
-7
Convert -11 (base 3) to base 2.
-100
Convert 1313 (base 5) to base 4.
3100
Convert a (base 15) to base 14.
a
Convert -10 (base 3) to base 8.
-3
-8 (base 11) to base 6
-12
What is -3 (base 9) in base 2?
-11
-3 (base 14) to base 12
-3
Convert 24 (base 13) to base 10.
30
Convert 110111 (base 2) to base 13.
43
Convert -9 (base 15) to base 3.
-100
Convert -2 (base 15) to base 12.
-2
25 (base 11) to base 7
36
What is 221 (base 3) in base 2?
11001
-14 (base 16) to base 10
-20
What is -14 (base 6) in base 2?
-1010
Convert -71 (base 8) to base 14.
-41
350 (base 6) to base 14
9c
30 (base 9) to base 6
43
21 (base 3) to base 2
111
Convert 21 (base 6) to base 7.
16
What is -61 (base 13) in base 16?
-4f
-220 (base 3) to base 12
-20
What is -7 (base 16) in base 12?
-7
What is 54 (base 6) in base 15?
24
-35 (base 6) to base 14
-19
-10 (base 3) to base 11
-3
3 (base 11) to base 15
3
Convert -1001 (base 2) to base 13.
-9
-147 (base 14) to base 6
-1111
29 (base 14) to base 6
101
Convert 1011 (base 3) to base 12.
27
Convert 14 (base 10) to base 15.
e
What is 15 (base 9) in base 16?
e
What is -2 (base 6) in base 10?
-2
What is 3 (base 6) in base 14?
3
What is -3 (base 9) in base 6?
-3
What is 7 (base 14) in base 9?
7
Convert -4 (base 13) to base 6.
-4
What is -2 (base 4) in base 16?
-2
What is -1001 (base 4) in base 2?
-1000001
Convert 1101 (base 2) to base 15.
d
What is -43 (base 8) in base 3?
-1022
-76 (base 8) to base 4
-332
-63 (base 16) to base 14
-71
What is 1 (base 7) in base 13?
1
Convert -30 (base 4) to base 5.
-22
Convert -2 (base 3) to base 15.
-2
Convert 225 (base 6) to base 3.
10022
-1 (base 10) to base 15
-1
Convert -7 (base 16) to base 6.
-11
Convert -3 (base 16) to base 10.
-3
What is -7 (base 9) in base 7?
-10
Convert 159 (base 10) to base 8.
237
-b (base 14) to base 16
-b
-5 (base 10) to base 3
-12
Convert -127 (base 14) to base 8.
-347
Convert -23 (base 5) to base 14.
-d
Convert 14 (base 16) to base 6.
32
Convert -1220 (base 3) to base 15.
-36
-15 (base 6) to base 16
-b
What is -25 (base 10) in base 6?
-41
Convert d (base 16) to base 9.
14
102 (base 3) to base 9
12
Convert -101 (base 5) to base 10.
-26
Convert 24 (base 8) to base 6.
32
What is a (base 11) in base 5?
20
What is 100 (base 2) in base 12?
4
What is 2a (base 11) in base 4?
200
Convert 302 (base 4) to base 9.
55
Convert 3a (base 12) to base 1